{"id":46,"date":"2026-01-08T22:00:00","date_gmt":"2026-01-08T22:00:00","guid":{"rendered":"http:\/\/sdrwagv.cluster051.hosting.ovh.net\/?page_id=46"},"modified":"2026-01-19T22:34:39","modified_gmt":"2026-01-19T21:34:39","slug":"accueil","status":"publish","type":"page","link":"https:\/\/nousasso.org\/","title":{"rendered":"Accueil"},"content":{"rendered":"\n<div class=\"wp-block-group is-content-justification-center is-layout-constrained wp-container-core-group-is-layout-de2b005d wp-block-group-is-layout-constrained has-background\" style=\"border-right-color:var(--wp--preset--color--ast-global-color-0);border-right-width:2px;border-bottom-color:var(--wp--preset--color--ast-global-color-0);border-bottom-width:2px;border-left-color:var(--wp--preset--color--ast-global-color-0);border-left-width:2px;padding-top:var(--wp--preset--spacing--80);padding-right:0;padding-bottom:var(--wp--preset--spacing--70);padding-left:var(--wp--preset--spacing--80);background-image:url(&apos;http:\/\/sdrwagv.cluster051.hosting.ovh.net\/wp-content\/uploads\/2026\/01\/background-1-scaled.png&apos;);background-position:50% 100%;background-size:cover;\">\n<div class=\"wp-block-group is-content-justification-left is-layout-constrained wp-container-core-group-is-layout-81b73f7d wp-block-group-is-layout-constrained\" style=\"margin-top:0;margin-bottom:0;padding-top:var(--wp--preset--spacing--80);padding-right:0;padding-bottom:var(--wp--preset--spacing--80);padding-left:0\">\n<h1 class=\"wp-block-heading has-text-align-left\">Qui sommes-<strong><mark style=\"background-color:rgba(0, 0, 0, 0);color:#b74344\" class=\"has-inline-color\">NOUS<\/mark><\/strong> ?<\/h1>\n\n\n\n<p><strong><mark style=\"background-color:rgba(0, 0, 0, 0)\" class=\"has-inline-color has-ast-global-color-0-color\">NOUS<\/mark><\/strong> signifie \u201cNeue \u00d6kologie und Solidarit\u00e4t\u201d (Nouvelle \u00e9cologie et solidarit\u00e9).<\/p>\n\n\n\n<p><strong><mark style=\"background-color:rgba(0, 0, 0, 0)\" class=\"has-inline-color has-ast-global-color-0-color\">NOUS<\/mark><\/strong> est une association engag\u00e9e pour promouvoir la solidarit\u00e9, les droits humains, et d\u00e9fendre l\u2019environnement.<\/p>\n<\/div>\n<\/div>\n\n\n\n<div class=\"wp-block-group is-layout-constrained wp-container-core-group-is-layout-8f9991a4 wp-block-group-is-layout-constrained has-background\" style=\"border-right-color:var(--wp--preset--color--ast-global-color-0);border-right-width:2px;border-bottom-style:none;border-bottom-width:0px;border-left-color:var(--wp--preset--color--ast-global-color-0);border-left-width:2px;padding-top:var(--wp--preset--spacing--80);padding-right:0;padding-bottom:var(--wp--preset--spacing--70);padding-left:var(--wp--preset--spacing--80);background-image:url(&apos;http:\/\/sdrwagv.cluster051.hosting.ovh.net\/wp-content\/uploads\/2026\/01\/background-2-scaled.png&apos;);background-position:50% 100%;background-size:cover;\">\n<div class=\"wp-block-group is-content-justification-left is-layout-constrained wp-container-core-group-is-layout-2326199e wp-block-group-is-layout-constrained\" style=\"min-height:634px;padding-top:var(--wp--preset--spacing--80);padding-right:0;padding-bottom:var(--wp--preset--spacing--80);padding-left:0\">\n<h1 class=\"wp-block-heading has-text-align-left\">Que faisons-<strong><mark style=\"background-color:rgba(0, 0, 0, 0)\" class=\"has-inline-color has-ast-global-color-0-color\">NOUS<\/mark><\/strong> ?<\/h1>\n\n\n\n<p><strong><mark style=\"background-color:rgba(0, 0, 0, 0)\" class=\"has-inline-color has-ast-global-color-0-color\">NOUS<\/mark><\/strong> organisons de nombreuses activit\u00e9s pour r\u00e9fl\u00e9chir ensemble, se former, d\u00e9battre, diffuser nos valeurs, \u00e9changer des ressources, mobiliser sur des causes qui nous tiennent \u00e0 c\u0153ur\u2026 dans une ambiance ouverte, bienveillante et festive.<\/p>\n<\/div>\n<\/div>\n\n\n\n<p><\/p>\n","protected":false},"excerpt":{"rendered":"<p>Qui sommes-NOUS ? NOUS signifie \u201cNeue \u00d6kologie und Solidarit\u00e4t\u201d (Nouvelle \u00e9cologie et solidarit\u00e9). NOUS est une association engag\u00e9e pour promouvoir [&hellip;]<\/p>\n","protected":false},"author":1,"featured_media":0,"parent":0,"menu_order":0,"comment_status":"closed","ping_status":"closed","template":"","meta":{"site-sidebar-layout":"default","site-content-layout":"","ast-site-content-layout":"default","site-content-style":"default","site-sidebar-style":"default","ast-global-header-display":"","ast-banner-title-visibility":"","ast-main-header-display":"","ast-hfb-above-header-display":"","ast-hfb-below-header-display":"","ast-hfb-mobile-header-display":"","site-post-title":"disabled","ast-breadcrumbs-content":"","ast-featured-img":"","footer-sml-layout":"","ast-disable-related-posts":"","theme-transparent-header-meta":"","adv-header-id-meta":"","stick-header-meta":"","header-above-stick-meta":"","header-main-stick-meta":"","header-below-stick-meta":"","astra-migrate-meta-layouts":"default","ast-page-background-enabled":"default","ast-page-background-meta":{"desktop":{"background-color":"var(--ast-global-color-5)","background-image":"","background-repeat":"repeat","background-position":"center center","background-size":"auto","background-attachment":"scroll","background-type":"","background-media":"","overlay-type":"","overlay-color":"","overlay-opacity":"","overlay-gradient":""},"tablet":{"background-color":"","background-image":"","background-repeat":"repeat","background-position":"center center","background-size":"auto","background-attachment":"scroll","background-type":"","background-media":"","overlay-type":"","overlay-color":"","overlay-opacity":"","overlay-gradient":""},"mobile":{"background-color":"","background-image":"","background-repeat":"repeat","background-position":"center center","background-size":"auto","background-attachment":"scroll","background-type":"","background-media":"","overlay-type":"","overlay-color":"","overlay-opacity":"","overlay-gradient":""}},"ast-content-background-meta":{"desktop":{"background-color":"var(--ast-global-color-4)","background-image":"","background-repeat":"repeat","background-position":"center center","background-size":"auto","background-attachment":"scroll","background-type":"","background-media":"","overlay-type":"","overlay-color":"","overlay-opacity":"","overlay-gradient":""},"tablet":{"background-color":"var(--ast-global-color-4)","background-image":"","background-repeat":"repeat","background-position":"center center","background-size":"auto","background-attachment":"scroll","background-type":"","background-media":"","overlay-type":"","overlay-color":"","overlay-opacity":"","overlay-gradient":""},"mobile":{"background-color":"var(--ast-global-color-4)","background-image":"","background-repeat":"repeat","background-position":"center center","background-size":"auto","background-attachment":"scroll","background-type":"","background-media":"","overlay-type":"","overlay-color":"","overlay-opacity":"","overlay-gradient":""}},"footnotes":""},"class_list":["post-46","page","type-page","status-publish","hentry"],"_links":{"self":[{"href":"https:\/\/nousasso.org\/index.php\/wp-json\/wp\/v2\/pages\/46","targetHints":{"allow":["GET"]}}],"collection":[{"href":"https:\/\/nousasso.org\/index.php\/wp-json\/wp\/v2\/pages"}],"about":[{"href":"https:\/\/nousasso.org\/index.php\/wp-json\/wp\/v2\/types\/page"}],"author":[{"embeddable":true,"href":"https:\/\/nousasso.org\/index.php\/wp-json\/wp\/v2\/users\/1"}],"replies":[{"embeddable":true,"href":"https:\/\/nousasso.org\/index.php\/wp-json\/wp\/v2\/comments?post=46"}],"version-history":[{"count":14,"href":"https:\/\/nousasso.org\/index.php\/wp-json\/wp\/v2\/pages\/46\/revisions"}],"predecessor-version":[{"id":218,"href":"https:\/\/nousasso.org\/index.php\/wp-json\/wp\/v2\/pages\/46\/revisions\/218"}],"wp:attachment":[{"href":"https:\/\/nousasso.org\/index.php\/wp-json\/wp\/v2\/media?parent=46"}],"curies":[{"name":"wp","href":"https:\/\/api.w.org\/{rel}","templated":true}]}}